) in base 2?
10100011001
6966 (base 11) to base 7
35445
1133 (base 10) to base 7
3206
What is -23cc (base 16) in base 6?
-110232
841 (base 13) to base 12
991
What is -220120021 (base 3) in base 10?
-17908
What is -6064 (base 7) in base 11?
-1643
1533 (base 6) to base 15
1cc
Convert -1342 (base 7) to base 11.
-433
What is -1021003 (base 4) in base 2?
-1001001000011
Convert -1693 (base 10) to base 16.
-69d
561 (base 9) to base 2
111001100
What is 2562 (base 12) in base 13?
1c1c
What is 31c8 (base 13) in base 3?
100111110
Convert -2434 (base 5) to base 9.
-450
What is 101 (base 9) in base 5?
312
-10240 (base 9) to base 12
-3ab3
What is -223 (base 14) in base 16?
-1a7
What is -12c6 (base 14) in base 13?
-1678
21000 (base 4) to base 14
2d2
What is 185 (base 12) in base 4?
3311
Convert -10042 (base 6) to base 7.
-3566
What is 1121022 (base 3) in base 9?
1538
What is 79a9 (base 14) in base 16?
5281
Convert 44a2 (base 11) to base 8.
13440
What is -4279 (base 10) in base 15?
-1404
What is 4b9 (base 14) in base 13?
57b
What is -113030 (base 4) in base 3?
-2000222
-3058 (base 13) to base 9
-10124
Convert 4b9 (base 13) to base 2.
1100111100
What is 171 (base 15) in base 16?
14b
What is 141 (base 15) in base 9?
347
Convert 2223 (base 8) to base 14.
5d9
Convert 1300 (base 10) to base 4.
110110
-3530 (base 7) to base 2
-10100001111
-a4c (base 15) to base 10
-2322
Convert 10111001100 (base 2) to base 11.
112a
Convert 212210200 (base 3) to base 8.
41710
Convert 2011211 (base 3) to base 9.
2154
89 (base 11) to base 15
67
What is 3771 (base 8) in base 10?
2041
Convert 3475 (base 11) to base 10.
4559
Convert -70 (base 9) to base 2.
-111111
Convert 103 (base 13) to base 11.
147
What is 34331 (base 5) in base 8?
4642
What is 1110234 (base 5) in base 12?
b304
Convert 8074 (base 9) to base 13.
28ba
What is -2651 (base 7) in base 13?
-602
a3c7 (base 15) to base 5
2101422
Convert -40960 (base 10) to base 6.
-513344
What is -420 (base 11) in base 4?
-13322
1156 (base 15) to base 13
18a2
What is -2222222 (base 3) in base 6?
-14042
What is -4923 (base 14) in base 2?
-11000111100011
Convert -3304 (base 5) to base 8.
-706
What is -5114 (base 6) in base 16?
-466
What is 2843 (base 9) in base 12?
12a9
-1738 (base 15) to base 5
-130003
Convert -1857 (base 10) to base 11.
-1439
-147 (base 12) to base 7
-403
2872 (base 10) to base 4
230320
10ab6 (base 13) to base 9
45627
Convert -1bb (base 14) to base 11.
-2a9
Convert -a (base 16) to base 12.
-a
4779 (base 16) to base 5
1041142
Convert 231 (base 7) to base 11.
aa
Convert -73041 (base 9) to base 2.
-1011110000010111
4556 (base 8) to base 12
1492
What is 1645 (base 8) in base 16?
3a5
What is -5d42 (base 16) in base 3?
-1012202020
Convert 153 (base 7) to base 2.
1010111
Convert -5e16 (base 15) to base 2.
-100111001001110
Convert -2332112 (base 4) to base 8.
-27626
What is -2153 (base 9) in base 11?
-1213
-201010011 (base 3) to base 15
-41e1
What is -1430 (base 8) in base 11?
-660
What is -80c (base 16) in base 13?
-c26
10113 (base 6) to base 7
3624
What is -356 (base 10) in base 9?
-435
What is 44a (base 14) in base 15?
3ba
Convert -202212 (base 3) to base 7.
-1433
Convert -7e5 (base 16) to base 7.
-5615
4916 (base 12) to base 10
8226
Convert -131a6 (base 13) to base 9.
-53566
Convert -422032 (base 6) to base 11.
-23724
2728 (base 13) to base 8
12753
What is -1540 (base 10) in base 2?
-11000000100
Convert -1a2 (base 13) to base 9.
-364
5c1 (base 16) to base 11
111a
Convert c8d (base 15) to base 2.
101100010001
-8306 (base 11) to base 5
-323032
Convert 5145 (base 7) to base 6.
12153
-11011101110 (base 2) to base 14
-90a
What is 8177 (base 10) in base 14?
2da1
-446 (base 11) to base 10
-534
Convert -110141 (base 5) to base 10.
-3796
What is 464 (base 9) in base 8?
576
1c13 (base 13) to base 14
178d
What is 140030 (base 6) in base 14?
4a30
What is -514 (base 16) in base 9?
-1704
Convert -2610 (base 7) to base 6.
-4323
Convert -111102110 (base 3) to base 4.
-2120322
-32403 (base 7) to base 6
-101240
Convert -5825 (base 16) to base 3.
-1010221202
What is -1393 (base 10) in base 13?
-832
-11333010 (base 4) to base 12
-12230
Convert 130212 (base 4) to base 8.
3446
What is 1433 (base 13) in base 4?
231203
What is 102101 (base 3) in base 8?
463
Convert 122305 (base 6) to base 8.
25241
201512 (base 6) to base 14
5b5a
What is -3013 (base 6) in base 16?
-291
Convert -789 (base 12) to base 8.
-2131
Convert -21 (base 14) to base 4.
-131
Convert -1010001000 (base 2) to base 6.
-3000
Convert 3ca (base 14) to base 11.
637
886 (base 10) to base 4
31312
Convert 4936 (base 13) to base 7.
42121
-50a9 (base 11) to base 12
-3b06
Convert -21111022 (base 3) to base 12.
-31b2
Convert 8892 (base 10) to base 11.
6754
Convert a62 (base 13) to base 7.
5106
-7163 (base 8) to base 11
-2863
1072 (base 8) to base 9
703
What is 360 (base 7) in base 12?
139
-1350b (base 13) to base 4
-20302220
What is -102330 (base 4) in base 13?
-723
Convert 1011110000001 (base 2) to base 6.
43505
What is -1010111110011 (base 2) in base 3?
-21201010
3777 (base 8) to base 11
15a1
What is -138 (base 13) in base 6?
-1000
3913 (base 10) to base 4
331021
-205344 (base 6) to base 9
-25001
Convert 947 (base 13) to base 10.
1580
-70371 (base 8) to base 9
-43604
-23b (base 16) to base 7
-1444
What is 10000011011 (base 2) in base 13?
62b
What is -178aa (base 14) in base 15?
-128b2
What is -104420 (base 5) in base 13?
-1914
What is fcd5 (base 16) in base 9?
107706
Convert -322201 (base 5) to base 6.
-122330
What is -33111 (base 5) in base 15?
-a21
Convert -2042 (base 5) to base 9.
-332
What is 775 (base 13) in base 16?
4ff
Convert -30533 (base 7) to base 5.
-214342
-209 (base 13) to base 14
-1ab
Convert 332 (base 12) to base 14.
258
What is -1110110 (base 2) in base 13?
-91
Convert -415 (base 11) to base 7.
-1313
-42b (base 12) to base 7
-1532
Convert -12122022 (base 3) to base 4.
-1000100
Convert -9a94 (base 11) to base 8.
-31754
10411 (base 5) to base 6
3215
What is 13013 (base 5) in base 13?
5c7
What is 10122331 (base 4) in base 12?
a591
3421214 (base 5) to base 3
10002102012
1100001011100 (base 2) to base 8
14134
What is -2255 (base 15) in base 9?
-10878
What is -17ab4 (base 12) in base 2?
-1000011001101000
What is 4 (base 9) in base 7?
4
What is 2311132 (base 4) in base 15?
3694
839 (base 12) to base 10
1197
3463 (base 8) to base 6
12311
Convert 840 (base 10) to base 13.
4c8
Convert 32200123 (base 4) to base 14.
17923
What is -112101220 (base 3) in base 16?
-2904
What is -2011212202 (base 3) in base 2?
-1010011110101011
Convert 542 (base 6) to base 12.
152
Convert -2433 (base 8) to base 7.
-3545
7dff (base 16) to base 8
76777
Convert -1011100100011 (base 2) to base 4.
-1130203
-2ec (base 16) to base 8
-1354
What is 1615 (base 9) in base 8?
2315
Convert -1230322 (base 4) to base 6.
-52134
Convert -3329 (base 15) to base 7.
-43413
-246c (base 15) to base 10
-7752
8df (base 16) to base 10
2271
200102 (base 3) to base 15
232
157 (base 15) to base 14
17d
What is 30770 (base 11) in base 12?
21b53
What is 881 (base 14) in base 7?
4621
What is 58b (base 16) in base 2?
10110001011
-142 (base 15) to base 13
-191
What is 181 (base 10) in base 13?
10c
What is -172 (base 16) in base 2?
-101110010
Convert 10617 (base 12) to base 6.
244031
Convert 111000010 (base 2) to base 3.
121200
Convert -3403222 (base 5) to base 11.
-40a35
123232 (base 4) to base 8
3356
What is -251 (base 9) in base 10?
-208
Convert 719 (base 12) to base 16.
405
Convert -4693 (base 10) to base 8.
-11125
-e13 (base 16) to base 15
-1103
What is -140431 (base 5) in base 14?
-2141
Convert 456 (base 14) to base 3.
1011212
What is 12313 (base 4) in base 14?
235
What is 3218 (base 12) in base 6?
41232
What is 20023 (base 4) in base 11?
436
1496 (base 15) to base 10
4416
4121202 (base 5) to base 14
1a616
Convert 68690 (base 10) to base 9.
114202
Convert 14e9 (base 15) to base 10.
4494
Convert -2052 (base 7) to base 2.
-1011010011
-4b82 (base 12) to base 14
-31bc
What is -11 (base 15) in base 2?
-10000
Convert 1101110 (base 2) to base 6.
302
130066 (base 7) to base 8
56772
Convert -34434 (base 12) to base 2.
-10001000001101000
Convert 33043 (base 5) to base 12.
1395
Convert 1000020 (base 3) to base 2.
1011011111
What is 48007 (base 9) 